{"id":11070,"date":"2026-04-03T09:50:15","date_gmt":"2026-04-03T09:50:15","guid":{"rendered":"https:\/\/beta-project.ro\/shop-at\/?post_type=product&#038;p=11070"},"modified":"2026-05-19T18:50:14","modified_gmt":"2026-05-19T18:50:14","slug":"gm_phono-v3-0","status":"publish","type":"product","link":"https:\/\/audio-enterprise.ro\/at\/product\/gm_phono-v3-0\/","title":{"rendered":"Faber&#8217;s GM_phono v3.0"},"content":{"rendered":"<p>Faber&#8217;s GM_phono v3.0 este un preamplificator phono dedicat red\u0103rii analogice serioase, conceput pentru flexibilitate, zgomot redus \u0219i o egalizare corect\u0103 a semnalului provenit de la doza pickup-ului.<\/p>\n<p>Sec\u021biunea de amplificare este g\u00e2ndit\u0103 pentru flexibilitate real\u0103 la integrare, iar valorile de c\u00e2\u0219tig declarate sunt: 71 dB (0.1 mV \u2013 1.2 mV).<\/p>\n<h3>Date tehnice<\/h3>\n<ul>\n<li>MC1\u2013MC2 gain: 71 dB (0.1 mV \u2013 1.2 mV)<\/li>\n<li>MC3 \/ MM gain: 51 dB (1.2 mV \u2013 5 mV)<\/li>\n<li>R\u0103spuns frecven\u021b\u0103 MM (RIAA): 20 Hz \u2013 20 kHz \u00b10.1 dB \/ 6 Hz \u2013 150 kHz (-3 dB)<\/li>\n<li>R\u0103spuns frecven\u021b\u0103 MC (RIAA): 20 Hz \u2013 20 kHz \u00b10.1 dB \/ 8 Hz \u2013 120 kHz (-3 dB)<\/li>\n<li>Filtre de egalizare: 5 independente<\/li>\n<li>Balance L-R: \u00b10.1 dB<\/li>\n<li>Acurate\u021be egalizare: \u00b10.1 dB<\/li>\n<li>Separare canale: &gt; 80 dB<\/li>\n<li>THD @ 0dBu (0.775V): &lt; 0.05%<\/li>\n<li>THD @ +4dBu (1.22V): &lt; 0.07%<\/li>\n<li>SNR: &gt; 100 dB (raportat la 0dBu)<\/li>\n<li>Tensiune ie\u0219ire maxim\u0103: 12.4 Vrms (35 Vp-p)<\/li>\n<li>Impedan\u021b\u0103 MC: 30 \/ 100 \/ 300 \/ 500 \/ 1k Ohm<\/li>\n<li>Impedan\u021b\u0103 MM: 10k\u03a9 \/ 22k\u03a9 \/ 47k\u03a9 \/ 47k\u03a9 + 220pF \/ 95k\u03a9<\/li>\n<li>Impedan\u021b\u0103 ie\u0219ire: 220 Ohm (XLR \u0219i RCA)<\/li>\n<li>Faz\u0103 semnal: 0\u00b0 \/ 180\u00b0 comutabil\u0103<\/li>\n<li>Circuit anti-bump \u0219i muting automat la pornire\/oprire<\/li>\n<li>Alimentare: 230Vac, 30VA max (transformator optimizat pentru 115Vac)<\/li>\n<\/ul>\n<h3>Dimensiuni \u0219i greutate<\/h3>\n<p>Dimensiuni: 340 x 275 x 84 mm<\/p>\n<p>Greutate: 5.5 kg<\/p>\n<p>Finisaje disponibile: argintiu, negru<\/p>\n","protected":false},"excerpt":{"rendered":"<p>Faber&#8217;s GM_phono v3.0 este un preamplificator phono dedicat red\u0103rii analogice serioase, conceput pentru flexibilitate, zgomot redus \u0219i o egalizare corect\u0103<\/p>\n","protected":false},"featured_media":11125,"comment_status":"open","ping_status":"closed","template":"","meta":[],"product_brand":[156],"product_cat":[28],"product_tag":[],"class_list":["post-11070","product","type-product","status-publish","has-post-thumbnail","product_brand-fabers","product_cat-preamplificatoare-phono","first","outofstock","shipping-taxable","purchasable","product-type-simple"],"yoast_head":"<!-- This site is optimized with the Yoast SEO plugin v27.6 - https:\/\/yoast.com\/product\/yoast-seo-wordpress\/ -->\n<title>Faber&#039;s GM_phono v3.0 - Audio Enterprise<\/title>\n<meta name=\"robots\" content=\"index, follow, max-snippet:-1, max-image-preview:large, max-video-preview:-1\" \/>\n<link rel=\"canonical\" href=\"https:\/\/audio-enterprise.ro\/at\/product\/gm_phono-v3-0\/\" \/>\n<meta property=\"og:locale\" content=\"ro_RO\" \/>\n<meta property=\"og:type\" content=\"article\" \/>\n<meta property=\"og:title\" content=\"Faber&#039;s GM_phono v3.0 - Audio Enterprise\" \/>\n<meta property=\"og:description\" content=\"Faber&#8217;s GM_phono v3.0 este un preamplificator phono dedicat red\u0103rii analogice serioase, conceput pentru flexibilitate, zgomot redus \u0219i o egalizare corect\u0103\" \/>\n<meta property=\"og:url\" content=\"https:\/\/audio-enterprise.ro\/at\/product\/gm_phono-v3-0\/\" \/>\n<meta property=\"og:site_name\" content=\"Audio Enterprise\" \/>\n<meta property=\"article:modified_time\" content=\"2026-05-19T18:50:14+00:00\" \/>\n<meta property=\"og:image\" content=\"https:\/\/audio-enterprise.ro\/at\/wp-content\/uploads\/2026\/04\/Faber-Power-1-scaled-1-1024x576.png\" \/>\n\t<meta property=\"og:image:width\" content=\"1024\" \/>\n\t<meta property=\"og:image:height\" content=\"576\" \/>\n\t<meta property=\"og:image:type\" content=\"image\/png\" \/>\n<meta name=\"twitter:card\" content=\"summary_large_image\" \/>\n<meta name=\"twitter:label1\" content=\"Timp estimat pentru citire\" \/>\n\t<meta name=\"twitter:data1\" content=\"2 minute\" \/>\n<script type=\"application\/ld+json\" class=\"yoast-schema-graph\">{\"@context\":\"https:\\\/\\\/schema.org\",\"@graph\":[{\"@type\":\"WebPage\",\"@id\":\"https:\\\/\\\/audio-enterprise.ro\\\/at\\\/product\\\/gm_phono-v3-0\\\/\",\"url\":\"https:\\\/\\\/audio-enterprise.ro\\\/at\\\/product\\\/gm_phono-v3-0\\\/\",\"name\":\"Faber's GM_phono v3.0 - Audio Enterprise\",\"isPartOf\":{\"@id\":\"https:\\\/\\\/audio-enterprise.ro\\\/at\\\/#website\"},\"primaryImageOfPage\":{\"@id\":\"https:\\\/\\\/audio-enterprise.ro\\\/at\\\/product\\\/gm_phono-v3-0\\\/#primaryimage\"},\"image\":{\"@id\":\"https:\\\/\\\/audio-enterprise.ro\\\/at\\\/product\\\/gm_phono-v3-0\\\/#primaryimage\"},\"thumbnailUrl\":\"https:\\\/\\\/audio-enterprise.ro\\\/at\\\/wp-content\\\/uploads\\\/2026\\\/04\\\/Faber-Power-1-scaled-1.png\",\"datePublished\":\"2026-04-03T09:50:15+00:00\",\"dateModified\":\"2026-05-19T18:50:14+00:00\",\"breadcrumb\":{\"@id\":\"https:\\\/\\\/audio-enterprise.ro\\\/at\\\/product\\\/gm_phono-v3-0\\\/#breadcrumb\"},\"inLanguage\":\"ro-RO\",\"potentialAction\":[{\"@type\":\"ReadAction\",\"target\":[\"https:\\\/\\\/audio-enterprise.ro\\\/at\\\/product\\\/gm_phono-v3-0\\\/\"]}]},{\"@type\":\"ImageObject\",\"inLanguage\":\"ro-RO\",\"@id\":\"https:\\\/\\\/audio-enterprise.ro\\\/at\\\/product\\\/gm_phono-v3-0\\\/#primaryimage\",\"url\":\"https:\\\/\\\/audio-enterprise.ro\\\/at\\\/wp-content\\\/uploads\\\/2026\\\/04\\\/Faber-Power-1-scaled-1.png\",\"contentUrl\":\"https:\\\/\\\/audio-enterprise.ro\\\/at\\\/wp-content\\\/uploads\\\/2026\\\/04\\\/Faber-Power-1-scaled-1.png\",\"width\":2560,\"height\":1440},{\"@type\":\"BreadcrumbList\",\"@id\":\"https:\\\/\\\/audio-enterprise.ro\\\/at\\\/product\\\/gm_phono-v3-0\\\/#breadcrumb\",\"itemListElement\":[{\"@type\":\"ListItem\",\"position\":1,\"name\":\"Acas\u0103\",\"item\":\"https:\\\/\\\/audio-enterprise.ro\\\/at\\\/\"},{\"@type\":\"ListItem\",\"position\":2,\"name\":\"Magazin\",\"item\":\"https:\\\/\\\/audio-enterprise.ro\\\/at\\\/magazin\\\/\"},{\"@type\":\"ListItem\",\"position\":3,\"name\":\"Faber&#8217;s GM_phono v3.0\"}]},{\"@type\":\"WebSite\",\"@id\":\"https:\\\/\\\/audio-enterprise.ro\\\/at\\\/#website\",\"url\":\"https:\\\/\\\/audio-enterprise.ro\\\/at\\\/\",\"name\":\"Audio Enterprise\",\"description\":\"Sunet de referin\u021b\u0103, tehnologie de v\u00e2rf \u0219i branduri exclusiviste pentru pasiona\u021bii de audio high-end.\",\"potentialAction\":[{\"@type\":\"SearchAction\",\"target\":{\"@type\":\"EntryPoint\",\"urlTemplate\":\"https:\\\/\\\/audio-enterprise.ro\\\/at\\\/?s={search_term_string}\"},\"query-input\":{\"@type\":\"PropertyValueSpecification\",\"valueRequired\":true,\"valueName\":\"search_term_string\"}}],\"inLanguage\":\"ro-RO\"}]}<\/script>\n<!-- \/ Yoast SEO plugin. -->","yoast_head_json":{"title":"Faber's GM_phono v3.0 - Audio Enterprise","robots":{"index":"index","follow":"follow","max-snippet":"max-snippet:-1","max-image-preview":"max-image-preview:large","max-video-preview":"max-video-preview:-1"},"canonical":"https:\/\/audio-enterprise.ro\/at\/product\/gm_phono-v3-0\/","og_locale":"ro_RO","og_type":"article","og_title":"Faber's GM_phono v3.0 - Audio Enterprise","og_description":"Faber&#8217;s GM_phono v3.0 este un preamplificator phono dedicat red\u0103rii analogice serioase, conceput pentru flexibilitate, zgomot redus \u0219i o egalizare corect\u0103","og_url":"https:\/\/audio-enterprise.ro\/at\/product\/gm_phono-v3-0\/","og_site_name":"Audio Enterprise","article_modified_time":"2026-05-19T18:50:14+00:00","og_image":[{"width":1024,"height":576,"url":"https:\/\/audio-enterprise.ro\/at\/wp-content\/uploads\/2026\/04\/Faber-Power-1-scaled-1-1024x576.png","type":"image\/png"}],"twitter_card":"summary_large_image","twitter_misc":{"Timp estimat pentru citire":"2 minute"},"schema":{"@context":"https:\/\/schema.org","@graph":[{"@type":"WebPage","@id":"https:\/\/audio-enterprise.ro\/at\/product\/gm_phono-v3-0\/","url":"https:\/\/audio-enterprise.ro\/at\/product\/gm_phono-v3-0\/","name":"Faber's GM_phono v3.0 - Audio Enterprise","isPartOf":{"@id":"https:\/\/audio-enterprise.ro\/at\/#website"},"primaryImageOfPage":{"@id":"https:\/\/audio-enterprise.ro\/at\/product\/gm_phono-v3-0\/#primaryimage"},"image":{"@id":"https:\/\/audio-enterprise.ro\/at\/product\/gm_phono-v3-0\/#primaryimage"},"thumbnailUrl":"https:\/\/audio-enterprise.ro\/at\/wp-content\/uploads\/2026\/04\/Faber-Power-1-scaled-1.png","datePublished":"2026-04-03T09:50:15+00:00","dateModified":"2026-05-19T18:50:14+00:00","breadcrumb":{"@id":"https:\/\/audio-enterprise.ro\/at\/product\/gm_phono-v3-0\/#breadcrumb"},"inLanguage":"ro-RO","potentialAction":[{"@type":"ReadAction","target":["https:\/\/audio-enterprise.ro\/at\/product\/gm_phono-v3-0\/"]}]},{"@type":"ImageObject","inLanguage":"ro-RO","@id":"https:\/\/audio-enterprise.ro\/at\/product\/gm_phono-v3-0\/#primaryimage","url":"https:\/\/audio-enterprise.ro\/at\/wp-content\/uploads\/2026\/04\/Faber-Power-1-scaled-1.png","contentUrl":"https:\/\/audio-enterprise.ro\/at\/wp-content\/uploads\/2026\/04\/Faber-Power-1-scaled-1.png","width":2560,"height":1440},{"@type":"BreadcrumbList","@id":"https:\/\/audio-enterprise.ro\/at\/product\/gm_phono-v3-0\/#breadcrumb","itemListElement":[{"@type":"ListItem","position":1,"name":"Acas\u0103","item":"https:\/\/audio-enterprise.ro\/at\/"},{"@type":"ListItem","position":2,"name":"Magazin","item":"https:\/\/audio-enterprise.ro\/at\/magazin\/"},{"@type":"ListItem","position":3,"name":"Faber&#8217;s GM_phono v3.0"}]},{"@type":"WebSite","@id":"https:\/\/audio-enterprise.ro\/at\/#website","url":"https:\/\/audio-enterprise.ro\/at\/","name":"Audio Enterprise","description":"Sunet de referin\u021b\u0103, tehnologie de v\u00e2rf \u0219i branduri exclusiviste pentru pasiona\u021bii de audio high-end.","potentialAction":[{"@type":"SearchAction","target":{"@type":"EntryPoint","urlTemplate":"https:\/\/audio-enterprise.ro\/at\/?s={search_term_string}"},"query-input":{"@type":"PropertyValueSpecification","valueRequired":true,"valueName":"search_term_string"}}],"inLanguage":"ro-RO"}]}},"_links":{"self":[{"href":"https:\/\/audio-enterprise.ro\/at\/wp-json\/wp\/v2\/product\/11070","targetHints":{"allow":["GET"]}}],"collection":[{"href":"https:\/\/audio-enterprise.ro\/at\/wp-json\/wp\/v2\/product"}],"about":[{"href":"https:\/\/audio-enterprise.ro\/at\/wp-json\/wp\/v2\/types\/product"}],"replies":[{"embeddable":true,"href":"https:\/\/audio-enterprise.ro\/at\/wp-json\/wp\/v2\/comments?post=11070"}],"version-history":[{"count":5,"href":"https:\/\/audio-enterprise.ro\/at\/wp-json\/wp\/v2\/product\/11070\/revisions"}],"predecessor-version":[{"id":15666,"href":"https:\/\/audio-enterprise.ro\/at\/wp-json\/wp\/v2\/product\/11070\/revisions\/15666"}],"wp:featuredmedia":[{"embeddable":true,"href":"https:\/\/audio-enterprise.ro\/at\/wp-json\/wp\/v2\/media\/11125"}],"wp:attachment":[{"href":"https:\/\/audio-enterprise.ro\/at\/wp-json\/wp\/v2\/media?parent=11070"}],"wp:term":[{"taxonomy":"product_brand","embeddable":true,"href":"https:\/\/audio-enterprise.ro\/at\/wp-json\/wp\/v2\/product_brand?post=11070"},{"taxonomy":"product_cat","embeddable":true,"href":"https:\/\/audio-enterprise.ro\/at\/wp-json\/wp\/v2\/product_cat?post=11070"},{"taxonomy":"product_tag","embeddable":true,"href":"https:\/\/audio-enterprise.ro\/at\/wp-json\/wp\/v2\/product_tag?post=11070"}],"curies":[{"name":"wp","href":"https:\/\/api.w.org\/{rel}","templated":true}]}}

<p>Faber&#8217;s GM_phono v3.0 este un preamplificator phono dedicat redării analogice serioase, conceput pentru flexibilitate, zgomot redus și o egalizare corectă a semnalului provenit de la doza pickup-ului.</p>
<p>Secțiunea de amplificare este gândită pentru flexibilitate reală la integrare, iar valorile de câștig declarate sunt: 71 dB (0.1 mV – 1.2 mV).</p>
<h3>Date tehnice</h3>
<ul>
<li>MC1–MC2 gain: 71 dB (0.1 mV – 1.2 mV)</li>
<li>MC3 / MM gain: 51 dB (1.2 mV – 5 mV)</li>
<li>Răspuns frecvență MM (RIAA): 20 Hz – 20 kHz ±0.1 dB / 6 Hz – 150 kHz (-3 dB)</li>
<li>Răspuns frecvență MC (RIAA): 20 Hz – 20 kHz ±0.1 dB / 8 Hz – 120 kHz (-3 dB)</li>
<li>Filtre de egalizare: 5 independente</li>
<li>Balance L-R: ±0.1 dB</li>
<li>Acuratețe egalizare: ±0.1 dB</li>
<li>Separare canale: &gt; 80 dB</li>
<li>THD @ 0dBu (0.775V): &lt; 0.05%</li>
<li>THD @ +4dBu (1.22V): &lt; 0.07%</li>
<li>SNR: &gt; 100 dB (raportat la 0dBu)</li>
<li>Tensiune ieșire maximă: 12.4 Vrms (35 Vp-p)</li>
<li>Impedanță MC: 30 / 100 / 300 / 500 / 1k Ohm</li>
<li>Impedanță MM: 10kΩ / 22kΩ / 47kΩ / 47kΩ + 220pF / 95kΩ</li>
<li>Impedanță ieșire: 220 Ohm (XLR și RCA)</li>
<li>Fază semnal: 0° / 180° comutabilă</li>
<li>Circuit anti-bump și muting automat la pornire/oprire</li>
<li>Alimentare: 230Vac, 30VA max (transformator optimizat pentru 115Vac)</li>
</ul>
<h3>Dimensiuni și greutate</h3>
<p>Dimensiuni: 340 x 275 x 84 mm</p>
<p>Greutate: 5.5 kg</p>
<p>Finisaje disponibile: argintiu, negru</p>

<p>Faber&#8217;s GM_phono v3.0 este un preamplificator phono dedicat redării analogice serioase, conceput pentru flexibilitate, zgomot redus și o egalizare corectă</p>

<!-- This site is optimized with the Yoast SEO plugin v27.6 - https://yoast.com/product/yoast-seo-wordpress/ -->
<title>Faber&#039;s GM_phono v3.0 - Audio Enterprise</title>
<meta name="robots" content="index, follow, max-snippet:-1, max-image-preview:large, max-video-preview:-1" />
<link rel="canonical" href="https://audio-enterprise.ro/at/product/gm_phono-v3-0/" />
<meta property="og:locale" content="ro_RO" />
<meta property="og:type" content="article" />
<meta property="og:title" content="Faber&#039;s GM_phono v3.0 - Audio Enterprise" />
<meta property="og:description" content="Faber&#8217;s GM_phono v3.0 este un preamplificator phono dedicat redării analogice serioase, conceput pentru flexibilitate, zgomot redus și o egalizare corectă" />
<meta property="og:url" content="https://audio-enterprise.ro/at/product/gm_phono-v3-0/" />
<meta property="og:site_name" content="Audio Enterprise" />
<meta property="article:modified_time" content="2026-05-19T18:50:14+00:00" />
<meta property="og:image" content="https://audio-enterprise.ro/at/wp-content/uploads/2026/04/Faber-Power-1-scaled-1-1024x576.png" />
	<meta property="og:image:width" content="1024" />
	<meta property="og:image:height" content="576" />
	<meta property="og:image:type" content="image/png" />
<meta name="twitter:card" content="summary_large_image" />
<meta name="twitter:label1" content="Timp estimat pentru citire" />
	<meta name="twitter:data1" content="2 minute" />
<script type="application/ld+json" class="yoast-schema-graph">{"@context":"https:\/\/schema.org","@graph":[{"@type":"WebPage","@id":"https:\/\/audio-enterprise.ro\/at\/product\/gm_phono-v3-0\/","url":"https:\/\/audio-enterprise.ro\/at\/product\/gm_phono-v3-0\/","name":"Faber's GM_phono v3.0 - Audio Enterprise","isPartOf":{"@id":"https:\/\/audio-enterprise.ro\/at\/#website"},"primaryImageOfPage":{"@id":"https:\/\/audio-enterprise.ro\/at\/product\/gm_phono-v3-0\/#primaryimage"},"image":{"@id":"https:\/\/audio-enterprise.ro\/at\/product\/gm_phono-v3-0\/#primaryimage"},"thumbnailUrl":"https:\/\/audio-enterprise.ro\/at\/wp-content\/uploads\/2026\/04\/Faber-Power-1-scaled-1.png","datePublished":"2026-04-03T09:50:15+00:00","dateModified":"2026-05-19T18:50:14+00:00","breadcrumb":{"@id":"https:\/\/audio-enterprise.ro\/at\/product\/gm_phono-v3-0\/#breadcrumb"},"inLanguage":"ro-RO","potentialAction":[{"@type":"ReadAction","target":["https:\/\/audio-enterprise.ro\/at\/product\/gm_phono-v3-0\/"]}]},{"@type":"ImageObject","inLanguage":"ro-RO","@id":"https:\/\/audio-enterprise.ro\/at\/product\/gm_phono-v3-0\/#primaryimage","url":"https:\/\/audio-enterprise.ro\/at\/wp-content\/uploads\/2026\/04\/Faber-Power-1-scaled-1.png","contentUrl":"https:\/\/audio-enterprise.ro\/at\/wp-content\/uploads\/2026\/04\/Faber-Power-1-scaled-1.png","width":2560,"height":1440},{"@type":"BreadcrumbList","@id":"https:\/\/audio-enterprise.ro\/at\/product\/gm_phono-v3-0\/#breadcrumb","itemListElement":[{"@type":"ListItem","position":1,"name":"Acasă","item":"https:\/\/audio-enterprise.ro\/at\/"},{"@type":"ListItem","position":2,"name":"Magazin","item":"https:\/\/audio-enterprise.ro\/at\/magazin\/"},{"@type":"ListItem","position":3,"name":"Faber&#8217;s GM_phono v3.0"}]},{"@type":"WebSite","@id":"https:\/\/audio-enterprise.ro\/at\/#website","url":"https:\/\/audio-enterprise.ro\/at\/","name":"Audio Enterprise","description":"Sunet de referință, tehnologie de vârf și branduri exclusiviste pentru pasionații de audio high-end.","potentialAction":[{"@type":"SearchAction","target":{"@type":"EntryPoint","urlTemplate":"https:\/\/audio-enterprise.ro\/at\/?s={search_term_string}"},"query-input":{"@type":"PropertyValueSpecification","valueRequired":true,"valueName":"search_term_string"}}],"inLanguage":"ro-RO"}]}</script>
<!-- / Yoast SEO plugin. -->

Faber&#8217;s GM_phono v3.0 este un preamplificator phono dedicat redării analogice serioase, conceput pentru flexibilitate, zgomot redus și o egalizare corectă

Acasă

Sunet de referință, tehnologie de vârf și branduri exclusiviste pentru pasionații de audio high-end.
